k(h) = f(h) - 5*x(h). Let n be ((-5)/(-4))/(1/(-4)). Let w be k(n). Let j(v) = -v**2 + 5*v - 6. Give j(w).
-2
Let h(s) = 2*s**3 + s**2 - s. Let f be h(1). Let a(o) = 2*o**3 - 3*o**2 + 4*o - 3. Calculate a(f).
9
Let n(m) be the third derivative of m**5/60 - m**4/6 - 2*m**3/3 + 2*m**2. Give n(4).
-4
Let p = 22 + 78. Let v(g) = 99*g**3 + g - p*g**3 - 2*g - 3*g**2 - 1. Determine v(-3).
2
Suppose -2*o + 4*r = -2, 5*o - 3*o + 3 = -r. Let b(c) = -4*c. Calculate b(o).
4
Let w(y) = y**2 - 11*y + 8. Let j be w(10). Let v(r) be the third derivative of r**4/24 + r**3/6 + 4*r**2. Determine v(j).
-1
Let s(k) = -9*k - 1. Let m = -16 + 23. Let p = 6 - m. Give s(p).
8
Let n be -3*(1/(-3) + 1). Let v(k) = 2*k**3 + 20*k**2 - 4*k + 1. Let h(o) = -o**3 - 9*o**2 + 2*o. Let f(r) = -7*h(r) - 3*v(r). What is f(n)?
5
Let n(x) = 45*x - 4 - 92*x + 1 + 48*x. Let f be ((-9)/4)/(2/(-8)). Suppose 0 = p - 4*p + f. Give n(p).
0
Let f = 9 + -4. Suppose -f*k + 0*k - 5*w = -65, 0 = 2*w + 2. Suppose -k = 4*s - x, x = 4*s - 2*s + 6. Let j(m) = m**3 + 4*m**2 - 2*m. Determine j(s).
8
Let s(b) = 2*b + 1. Let k(m) be the first derivative of m**5/60 + m**4/24 - m**2/2 - 1. Let h(y) be the second derivative of k(y). Let z be h(-2). Give s(z).
5
Suppose 6 = 5*f - 0*d - d, -3*f + 4*d - 10 = 0. Let x(q) = -q + q + f*q. Let r = -1 + -1. Give x(r).
-4
Let s(m) be the third derivative of -m**6/120 + m**5/12 + m**3 + m**2. Suppose 4*j - 9*j - 135 = 0. Let o = 32 + j. What is s(o)?
6
Let k(x) = x**2 - 5*x - 7. Let l = -27 + 33. Calculate k(l).
-1
Let f(d) = -d**2 + d + 5. Let g(v) = v**3 + 7*v**2 + 5*v. Let h be g(-6). Let j be h/(-21) - (-6)/21. What is f(j)?
5
Let p(g) = -17*g + 3. Let o(w) = 8*w - 1. Let n(d) = 5*o(d) + 2*p(d). What is n(-2)?
-11
Let z(a) = 6*a**3 + a**2 - a. Suppose -h = -5*n - 10 + 1, 5 = h - n. Let u = h - 3. What is z(u)?
6
Let b(w) = 0*w + w + 11*w**2 - 10*w**2 + 1. Determine b(-4).
13
Let j(w) = 79 - 66 + 2*w**2 + 4*w**2 + 14*w - 5*w**2. Calculate j(-13).
0
Let h(k) = k**2 - 6*k - 7. Suppose -165 + 27 = -23*w. Calculate h(w).
-7
Let i(w) = 2*w - 13. Let g be i(9). Let m(k) be the third derivative of k**2 + 0*k + 0 - 1/12*k**4 + 2/3*k**3. Calculate m(g).
-6
Let r = 7 - 6. Let z be 5*(-1 + 0) + r. Let t(p) = 2*p**2 + 3 + 0*p**2 - 20*p - p**2 + 23*p. What is t(z)?
7
Let p(v) = 4*v**2 + v + 7. Let l(w) = 3*w**2 + 2*w + 5. Let n(k) = 5*l(k) - 4*p(k). Let h be 1/(1/(-10)*-2). What is n(h)?
2
Let u(h) = 27*h**3 - 2. Let c(o) = -14*o**3 + 1. Suppose 5*k - 113 - 262 = 0. Let b be ((-2)/(-5))/((-5)/k). Let i(l) = b*u(l) - 11*c(l). Determine i(-1).
9
Let d(r) be the third derivative of r**7/630 + r**6/720 - r**5/30 + 3*r**2. Let h(w) be the third derivative of d(w). Determine h(1).
9
Let f(x) be the first derivative of -x**3/6 - 2*x**2 + 4*x + 1. Let u(n) be the first derivative of f(n). Determine u(3).
-7
Suppose t + 40 = 11*t. Let d(u) = 9*u + 9. Let b(s) = 3*s - 2*s - 5 - 6*s. Let w(k) = 7*b(k) + 4*d(k). Calculate w(t).
5
Let z(k) = k - 5. Let s(u) = u**3 - 5*u**2 - 5*u - 4. Let y be s(6). Suppose 3 = y*f - 3. Give z(f).
-2
Let h be (-25)/(-3) + 2/3. Let j be ((-2)/(-3))/(2/h). Suppose 4*q - g = 6, -7 = -2*q - 3*g + j. Let v(o) = -2*o**2 - 2*o + 3. Calculate v(q).
-9
Let p(v) = -4*v**2 + v. Let f(x) = x**3 - 3*x**2 - 4*x + 3. Let r be f(4). Suppose 12 = -u + 4*u. Suppose u*n = -q - 7, r = 3*q + 3*n + 6. Give p(q).
-3
Let t(f) = -13*f**2 + 18*f - 19. Let g(j) = 4*j**2 - 6*j + 6. Let h(c) = 7*g(c) + 2*t(c). Determine h(4).
12
Let t be (-2 + -1)/((-4)/(-12)). Let x = t + 15. Let g(s) = 2*s - 5 + s**3 + x*s**2 - 2*s**2 + 2. What is g(-3)?
0
Let k(j) = j**3 - 3*j**2 - 2*j + 3. Suppose -6*o = -3*o - 9. Determine k(o).
-3
Let m(a) be the third derivative of a**6/120 - a**5/20 - a**4/6 - a**3/2 + 2*a**2. Let j be (-1)/(-2) - 70/(-20). Determine m(j).
-3
Let d be 10 + -12 + 16/6. Let m(k) be the third derivative of -2*k**2 + 1/24*k**4 + 0*k + 1/60*k**5 - d*k**3 + 0. What is m(-3)?
2
Let c(z) = 12*z**2 - 3*z. Let a(k) = -4*k**2 + k. Let o(y) = 17*a(y) + 6*c(y). Let w = 0 + -1. What is o(w)?
5
Let q be (-20)/(-10) - (-1 + -2). Let i(m) = -5*m + 8*m - q*m. Give i(-3).
6
Suppose -3*i - 14 = -j, -6*j + j = -i. Let z(b) = 11*b**2 - b. Give z(j).
12
Let l(v) = -v**2 - 16*v + 11. Let z(a) = -a**2 - 8*a + 6. Let g(k) = -3*l(k) + 5*z(k). Give g(5).
-13
Let w be 2/(-6)*-9 - 8. Let h(r) be the first derivative of r**4/4 + 4*r**3/3 - 3*r**2 + 1. Determine h(w).
5
Let o(q) = 16 - 6*q + q**3 + 10 - 24 + 4*q**2. Give o(-5).
7
Let x(i) = -i**3 + 2*i**2 - i - 3. Let l(f) = f**3 - f**2 + 2*f + 3. Let n(s) = 3*l(s) + 4*x(s). Give n(5).
7
Let g = -13 - -10. Let y be -6 + 4 + (-9)/g. Let d(i) = i + 2. Let u(b) = -1. Let p(l) = 5*d(l) + 10*u(l). Calculate p(y).
5
Suppose -60 = -9*h + 12. Let v(s) = 4*s - 10. Calculate v(h).
22
Let l(t) = t**3 + 6*t**2 + 6*t + 2. Suppose -3*i + i + 8 = 2*s, 0 = -i + 2*s - 2. Suppose -4*o - i = 18. Determine l(o).
-3
Let u be (12/(-20))/(18/(-20)). Let n(w) be the second derivative of -u*w**3 + 1/12*w**4 - 3/2*w**2 - w + 0. Give n(4).
-3
Let k(d) be the second derivative of d**5/20 - d**4/3 + 2*d**3/3 - 3*d**2/2 + d. Let a = 2 + 1. Calculate k(a).
0
Let t(v) = v**2 - 6*v + 2. Let g(x) = 5*x**2 + 2*x - 1. Let z be (0 - 1)*(-8 - -7). Let y be g(z). Calculate t(y).
2
Let g = 2 - 3. Let h(b) be the first derivative of -3*b**4/4 + 2*b**3/3 - b + 20. What is h(g)?
4
Suppose 4*a + 40 = 8*a. Let d = a - 7. Let q(p) = -4 + 4*p**2 + 0*p**2 - p - 3*p**2. Give q(d).
2
Let p(o) = 8*o + 1. Let q(n) = -4*n + 2. Let g(r) = -3*r + 3. Let d(t) = -3*g(t) + 4*q(t). Let b(a) = 4*d(a) + 3*p(a). Suppose -w + 6 = 2*w. Give b(w).
-9
Let j(m) = -m**3 + 2*m**2 + m + 1. Suppose o - 6*o - 3*i = -45, 2*i - 27 = -3*o. Let n = o - 7. What is j(n)?
3
Let r(x) = -2*x**2 + 4. Suppose -52*l - 9 = -55*l. Give r(l).
-14
Let i(a) = 3*a - 2. Let t(b) = -7*b + 3. Let d(u) = -5*i(u) - 2*t(u). Suppose 3 = 2*x - s, 0*x - 15 = -2*x - 3*s. What is d(x)?
1
Let g(u) be the second derivative of -2*u**3/3 + 3*u**2/2 - 12*u. Determine g(-3).
15
Suppose -20 = 3*w + b, 0 = -2*w + 3*w + 4*b + 3. Let c(d) = -d**2 - 7*d + 7. Calculate c(w).
7
Let i(v) = -2*v**2 - 4*v - 3. Suppose -1 = 4*y - 2*o + 11, -4*y - 2*o - 4 = 0. Give i(y).
-3
Let p = 6 - 6. Suppose p = 4*u + 3 + 1. Let o(b) = 5*b. Determine o(u).
-5
Let f(b) = -b - 2. Let g = 13 - 18. Calculate f(g).
3
Let d(s) be the first derivative of s - 1/2*s**2 + 1/3*s**3 - 3. Suppose -2*u = -8, -2*g + 20 = -0*g + 5*u. What is d(g)?
1
Let c(j) = -j**3 + 2 - j + 2 - j**2 + 5. Let g be (14/2)/(4 + -3). Suppose -2*z + g*z = 0. Determine c(z).
9
Let h(s) = 11*s**2 - 3*s - 23. Let d(t) = -3*t**2 + 3*t - 3. Let p be d(2). Let b(m) = 5*m**2 - m - 11. Let r(o) = p*b(o) + 4*h(o). Calculate r(-5).
-3
Let x = -8 - -6. Let y(t) = -1. Let s(o) = -o - 1. Let l(b) = -s(b) + 3*y(b). Give l(x).
-4
Let b(n) = n**2 + n - 1. Let v(p) = -p**2 - 12*p - 3. Let d(x) = 2*b(x) + v(x). What is d(11)?
6
Let n(g) = g + 3. Suppose 8 = -z - 3*z. What is n(z)?
1
Let g(v) = 3*v + 4. Let a be g(-1). Let c(w) = 14*w**2 + w. Calculate c(a).
15
Let y(s) = s**2 - 5*s - 6. Suppose 3*d - 34 = 5*j, d = 2*d + 2. Let q = j - 0. Let i = 14 + q. What is y(i)?
0
Let z(b) be the second derivative of b**3/2 - 3*b**2/2 + 6*b. Determine z(2).
3
Let l(p) = p**2 - 6*p + 3. Let a be l(3). Let h(z) = z**2 + 8*z + 4. Calculate h(a).
-8
Let l(z) = 9*z - z - 9*z - 6. Give l(-8).
2
Let c(r) = r**2 - r + 1. Let i(g) be the first derivative of g**4/4 + g**3 + 2*g**2 - 2*g - 1. Let h(x) = -3*c(x) - i(x). Determine h(-6).
5
Let m(w) = 4*w**2 + 16 - 5*w**2 + w**3 - 21. Give m(0).
-5
Let l(n) = -2*n**2 - 11*n - 1. Suppose 11*q - 8*q - 24 = 0. Let y = q - 12. Let k(o) = o**2 + 6*o + 1. Let j(d) = y*l(d) - 7*k(d). Give j(-3).
0
Let z(p) be the second derivative of p**4/12 - p**3/6 - 11*p**2/2 - 5*p. Calculate z(0).
-11
Let d(w) = 0*w - 2 - 10*w + 9 + w**2 + 2*w. Suppose -3*j = 3*b - 27, -3*b + 4*b = 4*j - 21. Determine d(j).
-5
Let p(w) = -9*w**2. Suppose 2*g + 3 = 5. Determine p(g).
-9
Let b(f) be the third derivative of -f**6/30 - f**5/60 + f**3/6 - 2*f**2 + 6*f. Calculate b(1).
-4
Let w(o) = o - 1. Let s be w(0). Let j(k) = -4*k. Give j(s).
4
Let c(g) = -g + 1. Let w(b) = 7*b**2 - 3*b + 3. Let h be w(2). Suppose u + 2*l = -u + 6, -5*u - 2*l +